{"version":"1.0","provider_name":"Sonical","provider_url":"https:\/\/sonical.co\/fr\/","author_name":"Contributor","author_url":"https:\/\/sonical.co\/fr\/author\/contributor\/","title":"Facturation \u00e9lectronique obligatoire \u00e0 partir de 2026","type":"rich","width":600,"height":338,"html":"<blockquote class=\"wp-embedded-content\" data-secret=\"LzHwjOnrbS\"><a href=\"https:\/\/sonical.co\/fr\/centre-daffaires\/facturation-electronique-obligatoire-a-partir-de-2026\/\">Facturation \u00e9lectronique obligatoire \u00e0 partir de 2026<\/a><\/blockquote><iframe sandbox=\"allow-scripts\" security=\"restricted\" src=\"https:\/\/sonical.co\/fr\/centre-daffaires\/facturation-electronique-obligatoire-a-partir-de-2026\/embed\/#?secret=LzHwjOnrbS\" width=\"600\" height=\"338\" title=\"\u00ab\u00a0Facturation \u00e9lectronique obligatoire \u00e0 partir de 2026\u00a0\u00bb &#8212; Sonical\" data-secret=\"LzHwjOnrbS\" frameborder=\"0\" marginwidth=\"0\" marginheight=\"0\" scrolling=\"no\" class=\"wp-embedded-content\"><\/iframe><script>\n\/*! This file is auto-generated *\/\n!function(d,l){\"use strict\";l.querySelector&&d.addEventListener&&\"undefined\"!=typeof URL&&(d.wp=d.wp||{},d.wp.receiveEmbedMessage||(d.wp.receiveEmbedMessage=function(e){var t=e.data;if((t||t.secret||t.message||t.value)&&!\/[^a-zA-Z0-9]\/.test(t.secret)){for(var s,r,n,a=l.querySelectorAll('iframe[data-secret=\"'+t.secret+'\"]'),o=l.querySelectorAll('blockquote[data-secret=\"'+t.secret+'\"]'),c=new RegExp(\"^https?:$\",\"i\"),i=0;i<o.length;i++)o[i].style.display=\"none\";for(i=0;i<a.length;i++)s=a[i],e.source===s.contentWindow&&(s.removeAttribute(\"style\"),\"height\"===t.message?(1e3<(r=parseInt(t.value,10))?r=1e3:~~r<200&&(r=200),s.height=r):\"link\"===t.message&&(r=new URL(s.getAttribute(\"src\")),n=new URL(t.value),c.test(n.protocol))&&n.host===r.host&&l.activeElement===s&&(d.top.location.href=t.value))}},d.addEventListener(\"message\",d.wp.receiveEmbedMessage,!1),l.addEventListener(\"DOMContentLoaded\",function(){for(var e,t,s=l.querySelectorAll(\"iframe.wp-embedded-content\"),r=0;r<s.length;r++)(t=(e=s[r]).getAttribute(\"data-secret\"))||(t=Math.random().toString(36).substring(2,12),e.src+=\"#?secret=\"+t,e.setAttribute(\"data-secret\",t)),e.contentWindow.postMessage({message:\"ready\",secret:t},\"*\")},!1)))}(window,document);\n\/\/# sourceURL=https:\/\/sonical.co\/wp-includes\/js\/wp-embed.min.js\n<\/script>\n","thumbnail_url":"https:\/\/i0.wp.com\/sonical.co\/wp-content\/uploads\/2024\/11\/Schermafbeelding-2024-11-15-143234.png?fit=891%2C582&quality=80&ssl=1","thumbnail_width":891,"thumbnail_height":582,"description":"\u00c0 partir du 1er janvier 2026, l'utilisation de factures \u00e9lectroniques structur\u00e9es via le r\u00e9seau Peppol deviendra obligatoire entre les entreprises belges assujetties \u00e0 la TVA (B2B). D\u00e9couvrez ici ce que cela signifie pour votre organisation."}

Facturation électronique obligatoire à partir de 2026

<blockquote class="wp-embedded-content" data-secret="LzHwjOnrbS"><a href="https://sonical.co/fr/centre-daffaires/facturation-electronique-obligatoire-a-partir-de-2026/">Facturation électronique obligatoire à partir de 2026</a></blockquote><iframe sandbox="allow-scripts" security="restricted" src="https://sonical.co/fr/centre-daffaires/facturation-electronique-obligatoire-a-partir-de-2026/embed/#?secret=LzHwjOnrbS" width="600" height="338" title="« Facturation électronique obligatoire à partir de 2026 » &#8212; Sonical" data-secret="LzHwjOnrbS" frameborder="0" marginwidth="0" marginheight="0" scrolling="no" class="wp-embedded-content"></iframe><script>
/*! This file is auto-generated */
!function(d,l){"use strict";l.querySelector&&d.addEventListener&&"undefined"!=typeof URL&&(d.wp=d.wp||{},d.wp.receiveEmbedMessage||(d.wp.receiveEmbedMessage=function(e){var t=e.data;if((t||t.secret||t.message||t.value)&&!/[^a-zA-Z0-9]/.test(t.secret)){for(var s,r,n,a=l.querySelectorAll('iframe[data-secret="'+t.secret+'"]'),o=l.querySelectorAll('blockquote[data-secret="'+t.secret+'"]'),c=new RegExp("^https?:$","i"),i=0;i<o.length;i++)o[i].style.display="none";for(i=0;i<a.length;i++)s=a[i],e.source===s.contentWindow&&(s.removeAttribute("style"),"height"===t.message?(1e3<(r=parseInt(t.value,10))?r=1e3:~~r<200&&(r=200),s.height=r):"link"===t.message&&(r=new URL(s.getAttribute("src")),n=new URL(t.value),c.test(n.protocol))&&n.host===r.host&&l.activeElement===s&&(d.top.location.href=t.value))}},d.addEventListener("message",d.wp.receiveEmbedMessage,!1),l.addEventListener("DOMContentLoaded",function(){for(var e,t,s=l.querySelectorAll("iframe.wp-embedded-content"),r=0;r<s.length;r++)(t=(e=s[r]).getAttribute("data-secret"))||(t=Math.random().toString(36).substring(2,12),e.src+="#?secret="+t,e.setAttribute("data-secret",t)),e.contentWindow.postMessage({message:"ready",secret:t},"*")},!1)))}(window,document);
//# sourceURL=https://sonical.co/wp-includes/js/wp-embed.min.js
</script>

À partir du 1er janvier 2026, l'utilisation de factures électroniques structurées via le réseau Peppol deviendra obligatoire entre les entreprises belges assujetties à la TVA (B2B). Découvrez ici ce que cela signifie pour votre organisation.
